{"id":99,"date":"2015-07-06T23:18:00","date_gmt":"2015-07-06T20:18:00","guid":{"rendered":"http:\/\/kk.szka.org\/?page_id=99"},"modified":"2016-04-23T08:39:36","modified_gmt":"2016-04-23T05:39:36","slug":"vallalkozoi-partnerek","status":"publish","type":"page","link":"https:\/\/kk.szka.ro\/?page_id=99","title":{"rendered":"V\u00e1llalkoz\u00f3i partnerek"},"content":{"rendered":"<div class=\"entry-content\" itemprop=\"text\">\n<div class=\"wpb-content-wrapper\">[vc_row][vc_column width=&#8221;1\/2&#8243;]<div class=\"aio-icon-component    style_1\"><div id=\"Info-box-wrap-6540\" class=\"aio-icon-box left-icon\" style=\"\"  ><div class=\"aio-icon-left\"><div class=\"ult-just-icon-wrapper  \"><div class=\"align-icon\" style=\"text-align:center;\">\n<div class=\"aio-icon-img \" style=\"font-size:80px;display:inline-block;\" data-animation=\"pulse\" data-animation-delay=\"03\">\n\t<img decoding=\"async\" class=\"img-icon\" alt=\"\" src=\"https:\/\/kk.szka.ro\/wp-content\/uploads\/2015\/06\/merkur-logo1.jpg\"\/>\n<\/div><\/div><\/div><\/div><div class=\"aio-ibd-block\"><div class=\"aio-icon-header\" ><h3 class=\"aio-icon-title ult-responsive\"  data-ultimate-target='#Info-box-wrap-6540 .aio-icon-title'  data-responsive-json-new='{\"font-size\":\"\",\"line-height\":\"\"}'  style=\"\">Boros Gy\u00f6rgy-Csaba \u2013 Merk\u00far, a Sz\u00e9kelyf\u00f6ldi \u00fczletl\u00e1nc<\/h3><\/div> <!-- header --><div class=\"aio-icon-description ult-responsive\"  data-ultimate-target='#Info-box-wrap-6540 .aio-icon-description'  data-responsive-json-new='{\"font-size\":\"\",\"line-height\":\"\"}'  style=\"\"><em><img loading=\"lazy\" decoding=\"async\" class=\"alignright wp-image-223\" src=\"http:\/\/kk.szka.org\/wp-content\/uploads\/2015\/07\/Boros-Csaba.jpg\" alt=\"Boros Csaba\" width=\"150\" height=\"225\" srcset=\"https:\/\/kk.szka.ro\/wp-content\/uploads\/2015\/07\/Boros-Csaba.jpg 300w, https:\/\/kk.szka.ro\/wp-content\/uploads\/2015\/07\/Boros-Csaba-200x300.jpg 200w\" sizes=\"auto, (max-width: 150px) 100vw, 150px\" \/>\u201eA v\u00e1llalkoz\u00e1s k\u00f6z\u00f6ss\u00e9gi viselked\u00e9se \u00e9s t\u00e1rsadalmi felel\u0151ss\u00e9gv\u00e1llal\u00e1sa pont olyan m\u00f3don kamatozik, mint egy j\u00f3 befektetet\u00e9s, ha megfelel\u0151 id\u0151t \u00e9s energi\u00e1t sz\u00e1nunk r\u00e1. Ugyanezt \u00e9rezt\u00fck a K\u00f6z\u00f6ss\u00e9gi k\u00e1rtya programmal is. El\u0151sz\u00f6r furcs\u00e1nak tal\u00e1ltuk, mint h\u0171s\u00e9gprogram, de ahogy telt az id\u0151, \u00fagy egyre ink\u00e1bb mutatkoztak meg az eredm\u00e9nyek. Ez a fajta nyit\u00e1s a k\u00f6z\u00f6ss\u00e9gi \u00e9let ir\u00e1ny\u00e1ba \u00fajdons\u00e1gk\u00e9nt hatott \u00e9s ennek seg\u00edts\u00e9g\u00e9vel, sok \u00e9rt\u00e9kes helyi programmal k\u00f6t\u00f6tt\u00fck \u00f6ssze a nev\u00fcnket. A v\u00e1s\u00e1rl\u00f3k r\u00e9sz\u00e9r\u0151l is nagy volt az \u00e9rdekl\u0151d\u00e9s \u00e9s siker\u00fclt a k\u00f6z\u00f6ss\u00e9gi t\u0151k\u00e9t h\u0171s\u00e9ges v\u00e1s\u00e1rl\u00f3kk\u00e1 alak\u00edtani.<\/em><\/p>\n<p><em>Azzal, hogy m\u00e1s sz\u00e9kelyf\u00f6ldi v\u00e1rosokban is csatlakoztunk a k\u00e1rtyaprogramhoz, siker\u00fclt c\u00e9gszinten egy \u00e1tfog\u00f3 \u00e9s a k\u00f6z\u00f6ss\u00e9g\u00fcnkh\u00f6z m\u00e9lt\u00f3 h\u0171s\u00e9gprogramot kialak\u00edtani.\u201d<\/em><\/div> <!-- description --><\/div> <!-- aio-ibd-block --><\/div> <!-- aio-icon-box --><\/div> <!-- aio-icon-component -->[\/vc_column][vc_column width=&#8221;1\/2&#8243;]<div class=\"aio-icon-component    style_1\"><div id=\"Info-box-wrap-7356\" class=\"aio-icon-box left-icon\" style=\"\"  ><div class=\"aio-icon-left\"><div class=\"ult-just-icon-wrapper  \"><div class=\"align-icon\" style=\"text-align:center;\">\n<div class=\"aio-icon-img \" style=\"font-size:90px;display:inline-block;\" data-animation=\"pulse\" data-animation-delay=\"03\">\n\t<img decoding=\"async\" class=\"img-icon\" alt=\"\" src=\"https:\/\/kk.szka.ro\/wp-content\/uploads\/2015\/06\/otp-logo.jpg\"\/>\n<\/div><\/div><\/div><\/div><div class=\"aio-ibd-block\"><div class=\"aio-icon-header\" ><h3 class=\"aio-icon-title ult-responsive\"  data-ultimate-target='#Info-box-wrap-7356 .aio-icon-title'  data-responsive-json-new='{\"font-size\":\"\",\"line-height\":\"\"}'  style=\"\">Di\u00f3si L\u00e1szl\u00f3, CEO OTP Bank Romania<\/h3><\/div> <!-- header --><div class=\"aio-icon-description ult-responsive\"  data-ultimate-target='#Info-box-wrap-7356 .aio-icon-description'  data-responsive-json-new='{\"font-size\":\"\",\"line-height\":\"\"}'  style=\"\"><em><a href=\"http:\/\/kk.szka.org\/wp-content\/uploads\/2015\/07\/Diosi-Laszlo-OTP.jpg\"><img loading=\"lazy\" decoding=\"async\" class=\"alignright wp-image-270\" src=\"http:\/\/kk.szka.org\/wp-content\/uploads\/2015\/07\/Diosi-Laszlo-OTP.jpg\" alt=\"\" width=\"150\" height=\"225\" srcset=\"https:\/\/kk.szka.ro\/wp-content\/uploads\/2015\/07\/Diosi-Laszlo-OTP.jpg 300w, https:\/\/kk.szka.ro\/wp-content\/uploads\/2015\/07\/Diosi-Laszlo-OTP-200x300.jpg 200w\" sizes=\"auto, (max-width: 150px) 100vw, 150px\" \/><\/a>\u201e\u00dcdv\u00f6z\u00f6lj\u00fck \u00e9s t\u00e1mogatjuk a Sz\u00e9kelyudvarhelyi K\u00f6z\u00f6ss\u00e9gi Alap\u00edtv\u00e1ny kezdem\u00e9nyez\u00e9s\u00e9t, a K\u00f6z\u00f6ss\u00e9gi K\u00e1rtya programot, amely a korszer\u0171 fizet\u00e9si eszk\u00f6z\u00f6k n\u00e9pszer\u0171s\u00edt\u00e9se mellett t\u00e1mogat\u00e1sok gy\u0171jt\u00e9s\u00e9re is alkalmas a k\u00f6z\u00f6ss\u00e9g \u00e9rdek\u00e9ben. Ehhez hasonl\u00f3, a helyi k\u00f6z\u00f6ss\u00e9gek szoci\u00e1lis, gazdas\u00e1gi \u00e9s kultur\u00e1lis fejl\u0151d\u00e9s\u00e9t c\u00e9lz\u00f3 programokban az OTP Bank a j\u00f6v\u0151ben is akt\u00edv szerepet v\u00e1llal.<\/em><\/p>\n<p><em>Tudat\u00e1ban vagyunk annak, hogy csak \u00edgy hozhatunk l\u00e9tre tart\u00f3s kapcsolatokat \u00fcgyfeleinkkel, ha \u00e1lland\u00f3 figyelemmel k\u00f6vetj\u00fck ig\u00e9nyeiket \u00e9s a t\u00e1rsadalommal szemben felel\u0151ss\u00e9gteljes, \u0151szinte magatart\u00e1st tan\u00fas\u00edtunk. Az \u00e9vek sor\u00e1n megtanultuk, hogy a halad\u00e1st a hossz\u00fa t\u00e1von felv\u00e1llalt \u00e9rt\u00e9kekre \u00e9p\u00edt\u0151 fejl\u0151d\u00e9ssel lehet el\u00e9rni.<\/em><br \/>\n<em>Gratul\u00e1lunk az Alap\u00edtv\u00e1nynak \u00e9s sok sikert k\u00edv\u00e1nunk!\u201d<\/em><\/div> <!-- description --><\/div> <!-- aio-ibd-block --><\/div> <!-- aio-icon-box --><\/div> <!-- aio-icon-component -->[\/vc_column][\/vc_row][vc_row][vc_column width=&#8221;1\/2&#8243;]<div class=\"aio-icon-component    style_1\"><div id=\"Info-box-wrap-3683\" class=\"aio-icon-box left-icon\" style=\"\"  ><div class=\"aio-icon-left\"><div class=\"ult-just-icon-wrapper  \"><div class=\"align-icon\" style=\"text-align:center;\">\n<div class=\"aio-icon-img \" style=\"font-size:80px;display:inline-block;\" data-animation=\"pulse\" data-animation-delay=\"03\">\n\t<img decoding=\"async\" class=\"img-icon\" alt=\"\" src=\"https:\/\/kk.szka.ro\/wp-content\/uploads\/2015\/06\/toyota_eurocar.jpg\"\/>\n<\/div><\/div><\/div><\/div><div class=\"aio-ibd-block\"><div class=\"aio-icon-header\" ><h3 class=\"aio-icon-title ult-responsive\"  data-ultimate-target='#Info-box-wrap-3683 .aio-icon-title'  data-responsive-json-new='{\"font-size\":\"\",\"line-height\":\"\"}'  style=\"\">L\u00e1szl\u00f3 J\u00e1nos, Euro-Car Trading tulajdonos<\/h3><\/div> <!-- header --><div class=\"aio-icon-description ult-responsive\"  data-ultimate-target='#Info-box-wrap-3683 .aio-icon-description'  data-responsive-json-new='{\"font-size\":\"\",\"line-height\":\"\"}'  style=\"\"><a href=\"http:\/\/kk.szka.org\/wp-content\/uploads\/2015\/07\/Laszlo-Janos.jpg\"><img loading=\"lazy\" decoding=\"async\" class=\"alignright wp-image-409\" src=\"http:\/\/kk.szka.org\/wp-content\/uploads\/2015\/07\/Laszlo-Janos.jpg\" alt=\"\" width=\"150\" height=\"225\" srcset=\"https:\/\/kk.szka.ro\/wp-content\/uploads\/2015\/07\/Laszlo-Janos.jpg 300w, https:\/\/kk.szka.ro\/wp-content\/uploads\/2015\/07\/Laszlo-Janos-200x300.jpg 200w\" sizes=\"auto, (max-width: 150px) 100vw, 150px\" \/><\/a>\u201eHisz\u00fcnk a k\u00f6z\u00f6ss\u00e9g\u00fcnk erej\u00e9ben \u00e9s a k\u00f6z\u00f6s er\u0151fesz\u00edt\u00e9sek gy\u00fcm\u00f6lcs\u00f6z\u0151 siker\u00e9ben, abban a munk\u00e1ban, amelyet az SZKA k\u00e9pvisel. Elk\u00f6telezettek vagyunk a helyi \u00fcgyek \u00e9s helyi lakoss\u00e1g, a v\u00e1llalkoz\u00e1sunk k\u00f6rnyezete, az \u00e9p\u00edt\u0151 sz\u00e1nd\u00e9k\u00fa k\u00f6z\u00f6ss\u00e9gi \u00f6tletek meger\u0151s\u00edt\u00e9se mellett. Minden v\u00e1llalat, \u00fagy a munkav\u00e1llal\u00f3i, mint \u00fcgyfelei \u00e9s a sz\u0171kebb k\u00f6rnyezete \u00e1ltal szoros szimbi\u00f3zisban \u00e9lnek, egym\u00e1srautalts\u00e1gukban \u00e9s \u00f6sszefog\u00e1sukban rejlik erej\u00fck is. \u00dagy l\u00e1tjuk, hogy ennek kifejez\u00e9s\u00e9re az SZKA \u00e9s a K\u00f6z\u00f6ss\u00e9gi K\u00e1rtya program megfelel\u0151 partner. Olyan programok, \u00f6tletek felkarol\u00e1s\u00e1val tudnak seg\u00edteni a helyi k\u00f6z\u00f6ss\u00e9gen, amely \u00e9vr\u0151l-\u00e9vre t\u00e9nyleg szemmel l\u00e1that\u00f3 eredm\u00e9nyt hoz, \u00e9s amelyhez mi is sz\u00edvesen adjuk a nev\u00fcnket. A programnak term\u00e9szetesen hat\u00e1sa van a c\u00e9g bels\u0151 \u00e9let\u00e9re is. Annak eredm\u00e9nyek\u00e9ppen javul dolgoz\u00f3ink lojalit\u00e1sa a c\u00e9g ir\u00e1ny\u00e1ban, \u00e9rezhet\u0151en b\u00fcszk\u00e9bbek arra, hogy egy olyan c\u00e9gn\u00e9l dolgozhatnak, amely komolyan veszi a helyi k\u00f6z\u00f6ss\u00e9gek t\u00e1mogat\u00e1s\u00e1t. P\u00e9ld\u00e1t szeretn\u00e9nk mutatni, ez\u00e9rt is v\u00e1llalunk szerepet a programban, olyan mint\u00e1t k\u00edv\u00e1nunk ny\u00fajtani, mely \u00e1tvehet\u0151 \u00e9s megfelel\u0151 m\u00f3dos\u00edt\u00e1sokkal adapt\u00e1lhat\u00f3 minden helyi v\u00e1llalkoz\u00e1s, helyi kezdem\u00e9nyez\u00e9s \u00e9s k\u00f6z\u00f6ss\u00e9g\u00e9p\u00edt\u0151 \u00f6tlet eset\u00e9ben is.&#8221;<\/div> <!-- description --><\/div> <!-- aio-ibd-block --><\/div> <!-- aio-icon-box --><\/div> <!-- aio-icon-component -->[\/vc_column][vc_column width=&#8221;1\/2&#8243;]<div class=\"aio-icon-component    style_1\"><div id=\"Info-box-wrap-9186\" class=\"aio-icon-box left-icon\" style=\"\"  ><div class=\"aio-icon-left\"><div class=\"ult-just-icon-wrapper  \"><div class=\"align-icon\" style=\"text-align:center;\">\n<div class=\"aio-icon-img \" style=\"font-size:80px;display:inline-block;\" data-animation=\"pulse\" data-animation-delay=\"03\">\n\t<img decoding=\"async\" class=\"img-icon\" alt=\"\" src=\"https:\/\/kk.szka.ro\/wp-content\/uploads\/2015\/06\/reka-patika-logo.jpg\"\/>\n<\/div><\/div><\/div><\/div><div class=\"aio-ibd-block\"><div class=\"aio-icon-header\" ><h3 class=\"aio-icon-title ult-responsive\"  data-ultimate-target='#Info-box-wrap-9186 .aio-icon-title'  data-responsive-json-new='{\"font-size\":\"\",\"line-height\":\"\"}'  style=\"\">M\u00e1tyus R\u00e9ka \u2013 a R\u00e9ka Gy\u00f3gyszert\u00e1r vezet\u0151je<\/h3><\/div> <!-- header --><div class=\"aio-icon-description ult-responsive\"  data-ultimate-target='#Info-box-wrap-9186 .aio-icon-description'  data-responsive-json-new='{\"font-size\":\"\",\"line-height\":\"\"}'  style=\"\"><em><a href=\"http:\/\/kk.szka.org\/wp-content\/uploads\/2015\/07\/MatyusReka.jpg\"><img loading=\"lazy\" decoding=\"async\" class=\"alignright wp-image-304\" src=\"http:\/\/kk.szka.org\/wp-content\/uploads\/2015\/07\/MatyusReka.jpg\" alt=\"\" width=\"150\" height=\"225\" srcset=\"https:\/\/kk.szka.ro\/wp-content\/uploads\/2015\/07\/MatyusReka.jpg 300w, https:\/\/kk.szka.ro\/wp-content\/uploads\/2015\/07\/MatyusReka-200x300.jpg 200w\" sizes=\"auto, (max-width: 150px) 100vw, 150px\" \/><\/a>\u201eEls\u0151sorban az\u00e9rt kapcsol\u00f3dtam be a programba, mert szeretek Sz\u00e9kelyudvarhelyen \u00e9lni \u00e9s megpr\u00f3b\u00e1lom ez\u00e1ltal is t\u00e1mogatni a j\u00f3 \u00f6tleteket, egy \u00f6sszetart\u00f3 v\u00e1s\u00e1rl\u00f3k\u00f6z\u00f6ss\u00e9get kialak\u00edtani, mert az mindenkinek j\u00f3, ha tartozik valahov\u00e1.<\/em><\/p>\n<p><em>A K\u00f6z\u00f6ss\u00e9gi Alap\u00edtv\u00e1ny az emberekt\u0151l, az emberek\u00e9rt \u00e9s az emberekkel tud m\u0171k\u00f6dni cask, a c\u00e9gek pedig ez\u00e1ltal seg\u00edts\u00e9get ny\u00fajthatnak, ak\u00e1r a saj\u00e1t v\u00e1s\u00e1rl\u00f3ik \u00f6tleteinek a megval\u00f3s\u00edt\u00e1s\u00e1hoz.<\/em><\/p>\n<p><em>A befizetett ad\u00f3inkb\u00f3l keveset l\u00e1tunk viszont. Az SZKA-val \u00e9s programjaival pedig azokban az \u00f6tletekbe tudunk befektetni, amelyek itthon maradnak, \u00e9s amelyeket mi \u00e9s a gyermekeink \u00e9lvezhetnek.<\/em><\/p>\n<p><em>Tetszik, mert az SZKA \u00f6sszekov\u00e1csolja az embereket, a programok hasznosak mindenki sz\u00e1m\u00e1ra.\u201d<\/em><\/div> <!-- description --><\/div> <!-- aio-ibd-block --><\/div> <!-- aio-icon-box --><\/div> <!-- aio-icon-component -->[\/vc_column][\/vc_row][vc_row][vc_column width=&#8221;1\/2&#8243;]<div class=\"aio-icon-component    style_1\"><div id=\"Info-box-wrap-6961\" class=\"aio-icon-box left-icon\" style=\"\"  ><div class=\"aio-icon-left\"><div class=\"ult-just-icon-wrapper  \"><div class=\"align-icon\" style=\"text-align:center;\">\n<div class=\"aio-icon-img \" style=\"font-size:80px;display:inline-block;\" data-animation=\"pulse\" data-animation-delay=\"03\">\n\t<img decoding=\"async\" class=\"img-icon\" alt=\"\" src=\"https:\/\/kk.szka.ro\/wp-content\/uploads\/2015\/07\/harmopan_logo.png\"\/>\n<\/div><\/div><\/div><\/div><div class=\"aio-ibd-block\"><div class=\"aio-icon-header\" ><h3 class=\"aio-icon-title ult-responsive\"  data-ultimate-target='#Info-box-wrap-6961 .aio-icon-title'  data-responsive-json-new='{\"font-size\":\"\",\"line-height\":\"\"}'  style=\"\">Somodi Kinga \u2013 a Harmopan Rt. marketingfelel\u0151se<\/h3><\/div> <!-- header --><div class=\"aio-icon-description ult-responsive\"  data-ultimate-target='#Info-box-wrap-6961 .aio-icon-description'  data-responsive-json-new='{\"font-size\":\"\",\"line-height\":\"\"}'  style=\"\"><img loading=\"lazy\" decoding=\"async\" class=\"alignright wp-image-227\" src=\"http:\/\/kk.szka.org\/wp-content\/uploads\/2015\/07\/Somodi-Kinga.jpg\" alt=\"\" width=\"150\" height=\"224\" srcset=\"https:\/\/kk.szka.ro\/wp-content\/uploads\/2015\/07\/Somodi-Kinga.jpg 300w, https:\/\/kk.szka.ro\/wp-content\/uploads\/2015\/07\/Somodi-Kinga-201x300.jpg 201w\" sizes=\"auto, (max-width: 150px) 100vw, 150px\" \/><em>\u201eAzzal, hogy a K\u00f6z\u00f6ss\u00e9gi K\u00e1rtya program tagjai lehet\u00fcnk, a Harmopan Rt., a t\u00e1rsadalmi felel\u0151ss\u00e9gv\u00e1llal\u00e1si programj\u00e1t akarja fejleszteni. C\u00e9lunk, hogy a v\u00e1llalat term\u00e9kei \u00e1ltal nagym\u00e9rt\u00e9kben hozz\u00e1j\u00e1ruljunk k\u00f6rnyezet\u00fcnk fejl\u0151d\u00e9s\u00e9hez, a helyi k\u00f6z\u00f6ss\u00e9gek meger\u0151s\u00edt\u00e9s\u00e9hez illetve a h\u00e1tr\u00e1nyos helyzet\u0171 csoportok anyagi megseg\u00edt\u00e9s\u00e9hez. Ugyanakkor c\u00e9lunk felh\u00edvni a helyi lak\u00f3k figyelm\u00e9t a k\u00f6rnyezet\u00fcnkben megtal\u00e1lhat\u00f3 t\u00e1rsadalmi probl\u00e9m\u00e1kra, \u00e9rz\u00e9keny\u00e9 tegy\u00fck \u0151ket ezek felv\u00e1llal\u00e1s\u00e1ra \u00e9s folyamatos t\u00e1mogat\u00e1s\u00e1ra.<\/em><\/p>\n<p><em>K\u00f6z\u00f6ss\u00e9gi k\u00e1rty\u00e1nkkal elismerni \u00e9s honor\u00e1lni akarjuk elk\u00f6telezett, h\u0171s\u00e9ges(minden napos) v\u00e1s\u00e1rl\u00f3inkat, kedvezm\u00e9nyes v\u00e1s\u00e1rl\u00e1si lehet\u0151s\u00e9geket k\u00edn\u00e1lva sz\u00e1mukra. H\u0171s\u00e9gprogramunk c\u00e9lja egy megfelel\u0151 adatb\u00e1zis l\u00e9trehoz\u00e1sa is, melynek seg\u00edts\u00e9g\u00e9vel jobban megismerthetj\u00fck fogyaszt\u00f3inkat, n\u00f6velhetj\u00fck el\u00e9gedetts\u00e9g\u00fcket, k\u00f6zvetlenebb kapcsolatot alak\u00edthatunk ki Vel\u00fck, hogy \u00fagy \u00e9rezz\u00e9k, p\u00e9nz\u00fck, N\u00e1lunk t\u00f6bbet \u00e9r.\u201d<\/em><\/div> <!-- description --><\/div> <!-- aio-ibd-block --><\/div> <!-- aio-icon-box --><\/div> <!-- aio-icon-component -->[\/vc_column][vc_column width=&#8221;1\/2&#8243;]<div class=\"aio-icon-component    style_1\"><div id=\"Info-box-wrap-9349\" class=\"aio-icon-box left-icon\" style=\"\"  ><div class=\"aio-icon-left\"><div class=\"ult-just-icon-wrapper  \"><div class=\"align-icon\" style=\"text-align:center;\">\n<div class=\"aio-icon-img \" style=\"font-size:80px;display:inline-block;\" data-animation=\"pulse\" data-animation-delay=\"03\">\n\t<img decoding=\"async\" class=\"img-icon\" alt=\"null\" src=\"https:\/\/kk.szka.ro\/wp-content\/uploads\/2016\/03\/matyuskkterkep.png\"\/>\n<\/div><\/div><\/div><\/div><div class=\"aio-ibd-block\"><div class=\"aio-icon-header\" ><h3 class=\"aio-icon-title ult-responsive\"  data-ultimate-target='#Info-box-wrap-9349 .aio-icon-title'  data-responsive-json-new='{\"font-size\":\"\",\"line-height\":\"\"}'  style=\"\">ifj. M\u00e1tyus Gyula fogorvos \u2013 M\u00e1tyus Dental Studio<\/h3><\/div> <!-- header --><div class=\"aio-icon-description ult-responsive\"  data-ultimate-target='#Info-box-wrap-9349 .aio-icon-description'  data-responsive-json-new='{\"font-size\":\"\",\"line-height\":\"\"}'  style=\"\"><img loading=\"lazy\" decoding=\"async\" class=\"alignright size-full wp-image-462\" src=\"http:\/\/kk.szka.org\/wp-content\/uploads\/2015\/07\/Matyus-Gyula.jpg\" alt=\"\" width=\"150\" height=\"225\" \/><em>\u201eJ\u00f3magam szolg\u00e1ltat\u00f3k\u00e9nt a p\u00e1cienseim \u00e9rdekeit pr\u00f3b\u00e1lom szolg\u00e1lni al\u00e1zattal, \u00e9s becs\u00fclettel \u2013 a legjobb tud\u00e1som szerint. Az \u00e1ltaluk kapott bizalom a fejl\u0151d\u00e9sem z\u00e1loga.<\/em><\/p>\n<p><em>Term\u00e9szetesnek tartom ezt a bizalmat honor\u00e1lni az\u00e1ltal, hogy a c\u00e9g j\u00f6vedelm\u00e9nek egy r\u00e9sz\u00e9vel a helyi k\u00f6z\u00f6ss\u00e9gi aktivit\u00e1sokat t\u00e1mogatom.<\/em><\/p>\n<p><em>J\u00f3 dolognak tartom, hogy a k\u00f6z\u00f6ss\u00e9gi k\u00e1rtya haszn\u00e1lata \u00e1ltal \u00f6sszegy\u0171lt \u00f6sszeget nem \u00f6nk\u00e9nyesen, hanem a k\u00f6z\u00f6ss\u00e9get bevonva, szavaz\u00e1s \u00e1ltal osztj\u00e1k el.<\/em><\/p>\n<p><em>Hiszek abban, hogy a sok kicsi sokra megy alapon, ha mindenki lehet\u0151s\u00e9geihez m\u00e9rten hozz\u00e1j\u00e1rul a k\u00f6z\u00f6ss\u00e9g \u00e9p\u00edt\u00e9s\u00e9hez, akkor majd b\u00fcszk\u00e9k lehet\u00fcnk arra, hogy hol \u00e9l\u00fcnk, hiszen a k\u00f6rnyezet\u00fcnk olyan, amilyenn\u00e9 mi alak\u00edtjuk.\u201d<\/em><\/div> <!-- description --><\/div> <!-- aio-ibd-block --><\/div> <!-- aio-icon-box --><\/div> <!-- aio-icon-component -->[\/vc_column][\/vc_row]\n\n<\/div>\n<\/div>\n","protected":false},"excerpt":{"rendered":"<div class=\"entry-summary\" itemprop=\"text\">\n<p>[vc_row][vc_column width=&#8221;1\/2&#8243;][\/vc_column][vc_column width=&#8221;1\/2&#8243;][\/vc_column][\/vc_row][vc_row][vc_column width=&#8221;1\/2&#8243;][\/vc_column][vc_column width=&#8221;1\/2&#8243;][\/vc_column][\/vc_row][vc_row][vc_column width=&#8221;1\/2&#8243;][\/vc_column][vc_column width=&#8221;1\/2&#8243;][\/vc_column][\/vc_row]<\/p>\n\n<\/div>\n","protected":false},"author":1,"featured_media":0,"parent":0,"menu_order":0,"comment_status":"closed","ping_status":"closed","template":"","meta":{"footnotes":""},"class_list":["post-99","page","type-page","status-publish","hentry","entry-lead"],"_links":{"self":[{"href":"https:\/\/kk.szka.ro\/index.php?rest_route=\/wp\/v2\/pages\/99","targetHints":{"allow":["GET"]}}],"collection":[{"href":"https:\/\/kk.szka.ro\/index.php?rest_route=\/wp\/v2\/pages"}],"about":[{"href":"https:\/\/kk.szka.ro\/index.php?rest_route=\/wp\/v2\/types\/page"}],"author":[{"embeddable":true,"href":"https:\/\/kk.szka.ro\/index.php?rest_route=\/wp\/v2\/users\/1"}],"replies":[{"embeddable":true,"href":"https:\/\/kk.szka.ro\/index.php?rest_route=%2Fwp%2Fv2%2Fcomments&post=99"}],"version-history":[{"count":0,"href":"https:\/\/kk.szka.ro\/index.php?rest_route=\/wp\/v2\/pages\/99\/revisions"}],"wp:attachment":[{"href":"https:\/\/kk.szka.ro\/index.php?rest_route=%2Fwp%2Fv2%2Fmedia&parent=99"}],"curies":[{"name":"wp","href":"https:\/\/api.w.org\/{rel}","templated":true}]}}