{"id":101,"date":"2015-07-06T23:18:24","date_gmt":"2015-07-06T20:18:24","guid":{"rendered":"http:\/\/kk.szka.org\/?page_id=101"},"modified":"2015-07-23T12:27:07","modified_gmt":"2015-07-23T09:27:07","slug":"halozat","status":"publish","type":"page","link":"https:\/\/kk.szka.ro\/?page_id=101","title":{"rendered":"H\u00e1l\u00f3zat"},"content":{"rendered":"<div class=\"entry-content\" itemprop=\"text\">\n<div class=\"wpb-content-wrapper\">[vc_row][vc_column width=&#8221;1\/2&#8243;]<div class=\"ult-just-icon-wrapper  \"><div class=\"align-icon\" style=\"text-align:center;\">\n<a class=\"aio-tooltip 69fe123f18efc\" href=\"#csik\"  data-toggle=\"tooltip\" data-placement=\"top\"><div class=\"aio-tooltip 69fe123f18efc\" data-toggle=\"tooltip\" data-placement=\"top\" title=\"Z\u00f6ld Sz\u00e9kelyF\u00f6ld Egyes\u00fclet\"><div class=\"aio-icon-img \" style=\"font-size:350px;display:inline-block;\" >\n\t<img decoding=\"async\" class=\"img-icon\" alt=\"\" src=\"https:\/\/kk.szka.ro\/wp-content\/uploads\/2015\/07\/kk_halozat_csik.png\"\/>\n<\/div><\/a><\/div><\/div><\/div>[\/vc_column][vc_column width=&#8221;1\/2&#8243;]<div class=\"ult-just-icon-wrapper  \"><div class=\"align-icon\" style=\"text-align:center;\">\n<a class=\"aio-tooltip 69fe123f192c7\" href=\"#vasarhely\"  data-toggle=\"tooltip\" data-placement=\"top\"><div class=\"aio-tooltip 69fe123f192c7\" data-toggle=\"tooltip\" data-placement=\"top\" title=\"Marossz\u00e9ki K\u00f6z\u00f6ss\u00e9gi Alap\u00edtv\u00e1ny\"><div class=\"aio-icon-img \" style=\"font-size:350px;display:inline-block;\" >\n\t<img decoding=\"async\" class=\"img-icon\" alt=\"\" src=\"https:\/\/kk.szka.ro\/wp-content\/uploads\/2015\/07\/kk_halozat_vasarhely.png\"\/>\n<\/div><\/a><\/div><\/div><\/div>[\/vc_column][\/vc_row][vc_row][vc_column][vc_column_text]\n<h3 id=\"csik\"><\/h3>\n[\/vc_column_text][\/vc_column][\/vc_row][vc_row][vc_column]<div id=\"ultimate-heading-550669fe123f19999\" class=\"uvc-heading ult-adjust-bottom-margin ultimate-heading-550669fe123f19999 uvc-7941 \" data-hspacer=\"line_with_icon\" data-hline_width=\"auto\" data-hicon_type=\"custom\" data-hborder_style=\"solid\" data-hborder_height=\"1\" data-hborder_color=\"#ccc\" data-icon_width=\"48\" data-hfixer=\"10\"  data-halign=\"center\" style=\"text-align:center\"><div class=\"uvc-heading-spacer line_with_icon\" style=\"top\"><div class=\"ult-just-icon-wrapper  \"><div class=\"align-icon\" style=\"text-align:center;\">\n<div class=\"aio-icon-img \" style=\"font-size:48px;display:inline-block;\" >\n\t<img decoding=\"async\" class=\"img-icon\" alt=\"\" src=\"https:\/\/kk.szka.ro\/wp-content\/uploads\/2015\/06\/flower199.png\"\/>\n<\/div><\/div><\/div><\/div><\/div>[\/vc_column][\/vc_row][vc_row][vc_column][vc_column_text]\n<h3>Z\u00f6ld Sz\u00e9kelyF\u00f6ld Egyes\u00fclet<\/h3>\n<p>A Z\u00f6ld Sz\u00e9kelyF\u00f6ld Egyes\u00fclet 2005-ben alakult Cs\u00edkszered\u00e1ban \u00e9s c\u00e9lk\u00e9nt fogalmazta meg a r\u00e9gi\u00f3 k\u00f6rnyezetv\u00e9delmi t\u00f6rekv\u00e9seinek seg\u00edt\u00e9s\u00e9t akt\u00edv programok megval\u00f3s\u00edt\u00e1sa \u00e1ltal. A tev\u00e9kenys\u00e9gek sor\u00e1n arra b\u00e1tor\u00edtja az embereket, hogy ne csak probl\u00e9m\u00e1kat fogalmazzanak meg, hanem keress\u00e9k a megold\u00e1sokat \u00e9s amennyiben m\u00f3d van, v\u00e1llaljanak akt\u00edv szerepet azok megold\u00e1s\u00e1ban.<\/p>\n<p>Az egyes\u00fclet legf\u0151bb programja a Hangyasuli, amely c\u00e9lja k\u00f6rnyezeti nevel\u00e9si programok szervez\u00e9s a r\u00e9gi\u00f3ban, de e mellett sz\u00e1mos hullad\u00e9kgazd\u00e1lkod\u00e1shoz, turizmushoz, ker\u00e9kp\u00e1roz\u00e1shoz stb. tev\u00e9kenys\u00e9get is szervez, \u00e9s nem utols\u00f3sorban kezeli a k\u00f6z\u00f6ss\u00e9gi k\u00e1rtya programot Cs\u00edkszered\u00e1ban.<\/p>\n<p><strong>Kapcsolattart\u00f3 szem\u00e9ly:<\/strong> Csonta L\u00e1szl\u00f3,<br \/>\n<strong>telefon:<\/strong> 0742-125368,<br \/>\n<strong>e-mail:<\/strong> <a href=\"mailto:laci@zoldszekely.ro\">laci@zoldszekely.ro<\/a><br \/>\n<strong>sz\u00e9khely:<\/strong> Z\u00f6ld P\u00e9ter utca 11. sz\u00e1m, Cs\u00edkszereda<br \/>\n<strong>iroda:<\/strong> F\u0151\u00fat 175. sz\u00e1m, Cs\u00edkcsics\u00f3<\/p>\n<p>Teljes \u00f6sszeg a program eddigi m\u0171k\u00f6d\u00e9si id\u0151szak\u00e1ban: 94 259,7 lej<\/p>\n<p>\u00c9vekre lebontott \u00f6sszegek<\/p>\n<p>2012 \u2013 26736,07<\/p>\n<p>2013 \u2013 54950,47<\/p>\n<p>2014 \u2013 12572,72<\/p>\n<p>2015 \u2013 25000,00 (jelenleg zajl\u00f3 ki\u00edr\u00e1s)<\/p>\n<p>A k\u00f6z\u00f6ss\u00e9gi alaphoz k\u00f6rnyezetv\u00e9delemhez kapcsol\u00f3d\u00f3 programok megval\u00f3s\u00edt\u00e1s\u00e1ra lehet p\u00e1ly\u00e1zni (p\u00e9ld\u00e1ul: z\u00f6ld\u00f6vezet fel\u00faj\u00edt\u00e1s, kiadv\u00e1nyok kiad\u00e1sa, ker\u00e9kp\u00e1rt\u00e1rol\u00f3k \u00e9p\u00edt\u00e9se, haszn\u00e1ltruha gy\u0171jt\u00e9s, inform\u00e1ci\u00f3s t\u00e1bl\u00e1k kihelyez\u00e9se stb.)[\/vc_column_text][vc_row_inner][vc_column_inner width=&#8221;1\/2&#8243;]<div class=\"stats-block stats-top  \"><div class=\"aio-icon-top\"><div class=\"ult-just-icon-wrapper  \"><div class=\"align-icon\" style=\"text-align:center;\">\n<div class=\"aio-icon none \"  style=\"color:#333333;font-size:32px;display:inline-block;\">\n\t<i class=\"Defaults-tag\"><\/i>\n<\/div><\/div><\/div><\/div><div class=\"stats-desc\" id=\"counter-responsv-wrap-2849\"><div id=\"counter_336286775169fe123f19a5b\" data-id=\"counter_336286775169fe123f19a5b\"  data-ultimate-target='#counter-responsv-wrap-2849 .stats-number'  data-responsive-json-new='{\"font-size\":\"\",\"line-height\":\"\"}'  class=\"stats-number ult-responsive\" style=\"font-size:28px;  \" data-speed=\"5\" data-counter-value=\"7898\" data-separator=\"none\" data-decimal=\".\">0<\/div><div id=\"title-counter_336286775169fe123f19a5b\"  data-ultimate-target='#counter-responsv-wrap-2849 .stats-text'  data-responsive-json-new='{\"font-size\":\"\",\"line-height\":\"\"}'  class=\"stats-text ult-responsive\" style=\"font-size:18px;  \">a k\u00e1rtyahaszn\u00e1l\u00f3k sz\u00e1ma<\/div><\/div><\/div>[\/vc_column_inner][vc_column_inner width=&#8221;1\/2&#8243;][vc_column_text]\n<p style=\"text-align: center;\"><strong>V\u00e1llalkoz\u00f3 partnerek<\/strong><\/p>\n[\/vc_column_text]<div class=\"ult-just-icon-wrapper  \"><div class=\"align-icon\" style=\"text-align:center;\">\n<a class=\"aio-tooltip 69fe123f19a92\" href=\"http:\/\/merkuraruhaz.ro\/\" target=\"_blank\" rel=\"noopener\"  data-toggle=\"tooltip\" data-placement=\"\"><div class=\"aio-icon-img \" style=\"font-size:100px;display:inline-block;\" >\n\t<img decoding=\"async\" class=\"img-icon\" alt=\"\" src=\"https:\/\/kk.szka.ro\/wp-content\/uploads\/2015\/06\/merkur-logo1.jpg\"\/>\n<\/div><\/a><\/div><\/div>[\/vc_column_inner][\/vc_row_inner][vc_column_text]\n<h3 id=\"vasarhely\"><\/h3>\n[\/vc_column_text][\/vc_column][\/vc_row][vc_row][vc_column]<div id=\"ultimate-heading-123869fe123f19e3f\" class=\"uvc-heading ult-adjust-bottom-margin ultimate-heading-123869fe123f19e3f uvc-8728 \" data-hspacer=\"line_with_icon\" data-hline_width=\"auto\" data-hicon_type=\"custom\" data-hborder_style=\"solid\" data-hborder_height=\"1\" data-hborder_color=\"#ccc\" data-icon_width=\"48\" data-hfixer=\"10\"  data-halign=\"center\" style=\"text-align:center\"><div class=\"uvc-heading-spacer line_with_icon\" style=\"top\"><div class=\"ult-just-icon-wrapper  \"><div class=\"align-icon\" style=\"text-align:center;\">\n<div class=\"aio-icon-img \" style=\"font-size:48px;display:inline-block;\" >\n\t<img decoding=\"async\" class=\"img-icon\" alt=\"\" src=\"https:\/\/kk.szka.ro\/wp-content\/uploads\/2015\/06\/flower199.png\"\/>\n<\/div><\/div><\/div><\/div><\/div>[\/vc_column][\/vc_row][vc_row][vc_column][vc_column_text]\n<h3>Marossz\u00e9ki K\u00f6z\u00f6ss\u00e9gi Alap\u00edtv\u00e1ny<\/h3>\n<p>A Marossz\u00e9ki K\u00f6z\u00f6ss\u00e9gi Alap\u00edtv\u00e1ny 2011-ben alakult \u00e9s fejti ki a tev\u00e9kenys\u00e9g\u00e9t Marosv\u00e1s\u00e1rhelyen \u00e9s Sz\u00e1szr\u00e9genben. K\u00fcl\u00f6nb\u00f6z\u0151 adom\u00e1nygy\u0171jt\u0151 rendezv\u00e9nyek megszervez\u00e9s\u00e9vel, partners\u00e9gek kialak\u00edt\u00e1s\u00e1val, k\u00f6z\u00f6ss\u00e9gi programok megval\u00f3s\u00edt\u00e1s\u00e1val helyi probl\u00e9m\u00e1kra keress\u00fck a v\u00e1alaszt k\u00f6z\u00f6sen helyi civil szervezetekkel, v\u00e1llalkoz\u00e1sokkal \u00e9s korm\u00e1nyzati int\u00e9zm\u00e9nyekkel \u00e9s a mag\u00e1nszem\u00e9lyek elengedhetetlen t\u00e1mogat\u00e1s\u00e1val.<\/p>\n<p>Legfontosabb programjaink: SWIMATHON.ms, MuresOnBike, YouthBank,K\u00f6z\u00f6ss\u00e9gi K\u00e1rtya, Adom\u00e1nyoz\u00f3i K\u00f6r, K\u00f6z\u00f6ss\u00e9gi B\u00e9rlet.<\/p>\n<p><strong>Kapcsolattart\u00f3 szem\u00e9ly:<\/strong> G\u00e1l S\u00e1ndor<br \/>\n<strong>telefon:<\/strong> 0747\u2013865 096,<br \/>\n<strong>e-mail:<\/strong> galsandor@fcmures.org,<br \/>\nwww.fcmures.org<br \/>\n<strong>sz\u00e9khely:<\/strong>\u00a0Marosv\u00e1s\u00e1rhely, Avram Iancu utca 37. sz\u00e1m<\/p>\n<p>Teljes \u00f6sszeg a program eddigi m\u0171k\u00f6d\u00e9si id\u0151szak\u00e1ban \u00f6sszesen: 20 122 lej (76% volt kiosztva)<\/p>\n<p>\u00c9vekre lebontott \u00f6sszegek<\/p>\n<p>2013 \u2013 10273 lej<\/p>\n<p>2014 \u2013 7061 lej<\/p>\n<p>2015 \u2013 2788 lei<\/p>\n<p>&nbsp;<\/p>\n<p>T\u00e1mogat\u00e1si program neve \u00e9s c\u00e9lja (amely keret\u00e9ben kioszt\u00f3dik a k\u00f6z\u00f6ss\u00e9gi alap)<\/p>\n<p>&nbsp;<\/p>\n<p>2013 \u2013 YouthBank \u2013 2000 lej<\/p>\n<p>2013 &#8211; \u00d6n d\u00f6nt! \u2013 3000 lej (HIFA \u2013 1362 lej, Hemihipetrofiaban es Lipomatozisban Szenved\u0151 Gyerekek Megseg\u00edt\u00e9s\u00e9re Egyes\u00fclet \u2013 1638 lej)<\/p>\n<p>2013 \u2013 SWIMATHON \u2013 1564 lej<\/p>\n<p>2014 \u2013 \u00d6n d\u00f6nt \u00e1prilis \u2013 3000 lej (Alpha Transilvana Egyes\u00fclet)<\/p>\n<p>2014 \u2013 \u00d6n d\u00f6nt okt\u00f3ber \u2013 3500 lej (EKE Marosv\u00e1s\u00e1rhely, MiniMAX)<\/p>\n<p>2015 \u2013 SWIMATHON \u2013 2250 lej (1000, 750, 500)<\/p>\n<p>&nbsp;<\/p>\n<p>\u00d6sszesen: 15314 lej[\/vc_column_text][vc_row_inner][vc_column_inner width=&#8221;1\/2&#8243;]<div class=\"stats-block stats-top  \"><div class=\"aio-icon-top\"><div class=\"ult-just-icon-wrapper  \"><div class=\"align-icon\" style=\"text-align:center;\">\n<div class=\"aio-icon none \"  style=\"color:#333333;font-size:32px;display:inline-block;\">\n\t<i class=\"Defaults-tag\"><\/i>\n<\/div><\/div><\/div><\/div><div class=\"stats-desc\" id=\"counter-responsv-wrap-9277\"><div id=\"counter_303488596669fe123f19f17\" data-id=\"counter_303488596669fe123f19f17\"  data-ultimate-target='#counter-responsv-wrap-9277 .stats-number'  data-responsive-json-new='{\"font-size\":\"\",\"line-height\":\"\"}'  class=\"stats-number ult-responsive\" style=\"font-size:28px;  \" data-speed=\"5\" data-counter-value=\"2965\" data-separator=\"none\" data-decimal=\".\">0<\/div><div id=\"title-counter_303488596669fe123f19f17\"  data-ultimate-target='#counter-responsv-wrap-9277 .stats-text'  data-responsive-json-new='{\"font-size\":\"\",\"line-height\":\"\"}'  class=\"stats-text ult-responsive\" style=\"font-size:18px;  \">a k\u00e1rtyahaszn\u00e1l\u00f3k sz\u00e1ma<br \/>\n(rendszeresen 15%-a haszn\u00e1lja)<\/div><\/div><\/div>[\/vc_column_inner][vc_column_inner width=&#8221;1\/2&#8243;][vc_column_text]\n<p style=\"text-align: center;\"><strong>V\u00e1llalkoz\u00f3 partnerek<\/strong><\/p>\n[\/vc_column_text]<div class=\"ult-just-icon-wrapper  \"><div class=\"align-icon\" style=\"text-align:center;\">\n<a class=\"aio-tooltip 69fe123f19f48\" href=\"http:\/\/merkuraruhaz.ro\/\" target=\"_blank\" rel=\"noopener\"  data-toggle=\"tooltip\" data-placement=\"\"><div class=\"aio-icon-img \" style=\"font-size:100px;display:inline-block;\" >\n\t<img decoding=\"async\" class=\"img-icon\" alt=\"\" src=\"https:\/\/kk.szka.ro\/wp-content\/uploads\/2015\/06\/merkur-logo1.jpg\"\/>\n<\/div><\/a><\/div><\/div>[\/vc_column_inner][\/vc_row_inner][\/vc_column][\/vc_row]\n\n<\/div>\n<\/div>\n","protected":false},"excerpt":{"rendered":"<div class=\"entry-summary\" itemprop=\"text\">\n<p>[vc_row][vc_column width=&#8221;1\/2&#8243;][\/vc_column][vc_column width=&#8221;1\/2&#8243;][\/vc_column][\/vc_row][vc_row][vc_column][vc_column_text] [\/vc_column_text][\/vc_column][\/vc_row][vc_row][vc_column][\/vc_column][\/vc_row][vc_row][vc_column][vc_column_text] Z\u00f6ld Sz\u00e9kelyF\u00f6ld Egyes\u00fclet A Z\u00f6ld Sz\u00e9kelyF\u00f6ld Egyes\u00fclet 2005-ben alakult Cs\u00edkszered\u00e1ban \u00e9s c\u00e9lk\u00e9nt fogalmazta meg a r\u00e9gi\u00f3 k\u00f6rnyezetv\u00e9delmi t\u00f6rekv\u00e9seinek seg\u00edt\u00e9s\u00e9t akt\u00edv programok megval\u00f3s\u00edt\u00e1sa \u00e1ltal. A tev\u00e9kenys\u00e9gek sor\u00e1n arra b\u00e1tor\u00edtja az embereket, hogy ne csak probl\u00e9m\u00e1kat fogalmazzanak meg, hanem keress\u00e9k a megold\u00e1sokat \u00e9s amennyiben m\u00f3d van, v\u00e1llaljanak akt\u00edv szerepet azok megold\u00e1s\u00e1ban. Az egyes\u00fclet &#8230;<\/p>\n\n<\/div>\n","protected":false},"author":1,"featured_media":0,"parent":0,"menu_order":0,"comment_status":"closed","ping_status":"closed","template":"","meta":{"footnotes":""},"class_list":["post-101","page","type-page","status-publish","hentry","entry-lead"],"_links":{"self":[{"href":"https:\/\/kk.szka.ro\/index.php?rest_route=\/wp\/v2\/pages\/101","targetHints":{"allow":["GET"]}}],"collection":[{"href":"https:\/\/kk.szka.ro\/index.php?rest_route=\/wp\/v2\/pages"}],"about":[{"href":"https:\/\/kk.szka.ro\/index.php?rest_route=\/wp\/v2\/types\/page"}],"author":[{"embeddable":true,"href":"https:\/\/kk.szka.ro\/index.php?rest_route=\/wp\/v2\/users\/1"}],"replies":[{"embeddable":true,"href":"https:\/\/kk.szka.ro\/index.php?rest_route=%2Fwp%2Fv2%2Fcomments&post=101"}],"version-history":[{"count":0,"href":"https:\/\/kk.szka.ro\/index.php?rest_route=\/wp\/v2\/pages\/101\/revisions"}],"wp:attachment":[{"href":"https:\/\/kk.szka.ro\/index.php?rest_route=%2Fwp%2Fv2%2Fmedia&parent=101"}],"curies":[{"name":"wp","href":"https:\/\/api.w.org\/{rel}","templated":true}]}}